 2 = 0, -h + n*h + 2*s = 111. Let k = -40 - h. What are the prime factors of k?
3, 5
Let j(f) = 3*f - 12 - 3 + 6. Let u be j(5). Suppose 2*y - 200 = -4*m, u*m = 4*m + y + 100. List the prime factors of m.
2, 5
Let f(i) = -i**3 + 3*i**2 - 4. Let k(a) = 4*a**2 + 8*a - 7. Let v be k(3). Let r = 50 - v. What are the prime factors of f(r)?
2, 5
What are the prime factors of 581/(-249) + 18961/3?
2, 3, 13
Suppose 8*n = 12*n - 68. Let c(j) = 67 + 8*j - 22*j + 32 + n*j. What are the prime factors of c(0)?
3, 11
Suppose 47*q - 3157032 = -275*q + 3540890. What are the prime factors of q?
11, 31, 61
Let n(l) = l**2 - 17*l - 51. Let z be n(17). Let t = 465 + z. What are the prime factors of t?
2, 3, 23
Let o = 83 + -142. Let z = o - -4. Let l = z + 121. What are the prime factors of l?
2, 3, 11
Suppose 0 = 15*f - 15796 + 1291. List the prime factors of f - (10 - 6 - 1).
2, 241
Let l be (-424)/(-14) - (-12)/(-42). Let s be l/75 + 4/(-10). Suppose -53*i + 48*i + 230 = s. List the prime factors of i.
2, 23
Let p(d) = 4*d + 3. Let r(f) be the third derivative of -f**6/120 + 13*f**5/60 - f**4/2 + 4*f**3/3 - 15*f**2. Let z be r(12). List the prime factors of p(z).
5, 7
Suppose 24 - 4 = 10*b. What are the prime factors of (20/(-8) - b)/(7/(-294))?
3, 7
Let p be (-144 - -5) + (-15)/(-3). Let r = p + 166. What are the prime factors of r?
2
Let h = 40509 + -27405. What are the prime factors of h?
2, 3, 7, 13
Suppose 4*t - 65548 = -4*g, 8*g - 5*g + 32794 = 2*t. List the prime factors of t.
37, 443
Let f be (12/2)/((-9)/(-15)). Suppose -9*r + 8*r = -f. What are the prime factors of -2 - (-246)/r - 6/(-15)?
23
Let n(y) = 6*y + y**3 - 10 + 10*y**2 + y + 0. Let g be n(-9). Suppose 2*m + g = 4*p, -p + 34 = 4*m + p. List the prime factors of m.
2, 3
Suppose 30540 - 11828 + 28956 = 4*b. List the prime factors of b.
17, 701
Suppose 297 - 66 = 7*w. Suppose -w = 4*z - 7*z. Suppose z*g = 12*g - 38. What are the prime factors of g?
2, 19
Let d(w) = -w**3 + 6*w**2 - 3*w. Let q be d(2). Let k be q/3 - (-20)/(-15). Suppose -3*y = -k*t + 180, -80 = 4*t + y - 426. What are the prime factors of t?
3, 29
Suppose 3*t - 8 = -161. Let q = -21 - t. What are the prime factors of (168/q)/((-6)/(-75))?
2, 5, 7
Suppose 330*u = 284*u + 120106. What are the prime factors of u?
7, 373
Let t = -15613 - -22965. What are the prime factors of t?
2, 919
Suppose -y + 43*j - 38*j = -11073, -14*y + 4*j = -155352. What are the prime factors of y?
2, 31, 179
Suppose 5*m + 2*u - 40924 = -2*u, 0 = -4*m - 4*u + 32740. Suppose -14*b + m = 17*b. What are the prime factors of b?
2, 3, 11
Let m be (326 - 5)/3 - 1. Suppose 118*n - 792 = m*n. What are the prime factors of n?
2, 3, 11
Suppose -2*u + 46 = -l - 7*u, 5*l = -2*u - 299. Let d = 365 + l. List the prime factors of d.
2, 19
Suppose 3*y - y + t - 4 = 0, 5*y - 4*t = 36. List the prime factors of ((-24)/18*-1)/(y/546).
2, 7, 13
Let u(a) = -a - 16. Let w be u(-17). Let b be -5*((-2)/w)/2. Suppose b*o + 18 = 148. List the prime factors of o.
2, 13
Let v(g) = -356*g - 5393. What are the prime factors of v(-116)?
7, 23, 223
Let v(o) = -o**2 - 32*o + 30. Let h be v(-24). Let k(m) = 35*m**2 + 6*m - 4. Let r be k(3). Let a = r - h. What are the prime factors of a?
107
Suppose 33*z - 600703 + 30426 - 431768 = 0. List the prime factors of z.
5, 6073
Let s = -69673 - -131391. List the prime factors of s.
2, 30859
Let a be (-5)/50*-1745*-4. Let h = a - -1978. List the prime factors of h.
2, 5
Let m = 78 + -75. Suppose m*w = -w - 8. Let o = 71 + w. List the prime factors of o.
3, 23
Let l = -1310 - -2921. List the prime factors of l.
3, 179
Suppose -7*a + 3 = -5*a - d, -5*a + 4*d = -3. What are the prime factors of (-59310)/(-54) + ((-10)/a - -3)?
2, 3, 61
Suppose 0 = -3*u + 2*s + 8, -3*u + 3*s = -3 - 3. Let l be -2 - (u + 0/4). List the prime factors of (l/4)/((-1)/102).
3, 17
Suppose 0 = 5*n - 51 - 9. Suppose n*r - 13*r = -435. Suppose b + r = 5*o, 0 = -4*b + 3*b. What are the prime factors of o?
3, 29
Let x(z) be the first derivative of -z**2/2 + 57*z + 12. Let g be x(0). Let u = 185 - g. What are the prime factors of u?
2
Let x = -143 + 145. List the prime factors of (-198 + -5 - x)*-2.
2, 5, 41
Suppose 31*f = 34*f - 480. Suppose -2*h + 204 = -4*n, 2*n + n + 2*h = -f. Let w = 116 - n. List the prime factors of w.
2, 3, 7
Let y = 487 - 485. Suppose -y*p - 1988 = -3*k, -k - p = -6*p - 654. List the prime factors of k.
2, 83
Suppose -c = -5*y - 28, 60 = 3*c + y - 4*y. Suppose 2*t + f + 4 = 10, f + c = 4*t. Suppose t*n - 78 - 138 = 0. List the prime factors of n.
2, 3
Let l be (-1)/(1*(-1)/2). Suppose -t + 4*o - 8 = 0, l = -2*t - 2*o + 3*o. What are the prime factors of 1/(t + 1/84)?
2, 3, 7
Let z = -20784 + 34047. List the prime factors of z.
3, 4421
What are the prime factors of (-1311)/(-874)*109396/3?
2, 7, 3907
Suppose 0 = f + 125 - 7. Let c = 731 - 784. Let j = c - f. List the prime factors of j.
5, 13
Suppose 0 = -3*j + 3*s + 7116, 13*j = 15*j + 5*s - 4723. What are the prime factors of j?
23, 103
Suppose -x - 2*l = -1311, 0*l = -4*x + 2*l + 5254. Let h = x + 61. List the prime factors of h.
2, 3, 229
Let y = 385 + -670. Let s = 305 - y. List the prime factors of s.
2, 5, 59
Let h = 3 - -10. Suppose 4*v - 81 = h*v. List the prime factors of ((-3)/6 + (-69)/18)*v.
3, 13
Let q(m) = -4*m**3 + 7*m**2 - 1. List the prime factors of q(-10).
37, 127
List the prime factors of (-17)/(2210/(-645210)) - (-10)/455*-7.
7, 709
Let w be (-537)/(-7) - 4/(-14). Let g = 1034 + -881. Let a = g - w. List the prime factors of a.
2, 19
Let u be (1/3)/(28/21 + -6 - -5). Let h be 0 - -67 - (-2)/(-2). List the prime factors of -1 + h/(1 + u).
2
What are the prime factors of (-17)/((-850)/(-40)) + 92958/10?
5, 11, 13
Let l(o) be the first derivative of -o**4/4 + 4*o**3 - 6*o**2 + 16*o + 12. Let m be l(11). Suppose m*q - q = 296. List the prime factors of q.
2, 37
Let w = 9533 - -10193. What are the prime factors of w?
2, 7, 1409
Suppose -3*r + 2*d = -2990, 55*r = 50*r + 2*d + 4990. List the prime factors of r.
2, 5
Let p = 316 - 310. Let r(y) = -3*y**2 - 4*y - 1. Let t(f) = f + 1. Let b(n) = -r(n) + t(n). What are the prime factors of b(p)?
2, 5, 7
Let y = -46 - -96. Suppose 93 = 5*i - 4*i. Let j = i - y. List the prime factors of j.
43
Suppose -5*s + 64 = 3*b - 183, 2*s + 64 = b. Suppose 73*o + 71 = b*o. What are the prime factors of o?
71
Suppose 5*s - 4*f + 1 - 22 = 0, 0 = -3*s - f - 1. Let h be (9 + 0)*s/(-3) + 88. Let t = h + -42. What are the prime factors of t?
43
Let i(y) = 1707*y**3 + 2*y**2 + 4*y - 2. Let b be i(1). Suppose -3*s + b = 2*g, 14*s + 3*g - 1716 = 11*s. What are the prime factors of s?
3, 7
Let w = 90 + -88. What are the prime factors of (-4 - 3224/(-12))*3/w?
397
Let u(o) = 7*o**3 + 74*o**2 + 5*o - 36. Let x(y) = -8*y**3 - 76*y**2 - 5*y + 37. Let j(b) = -6*u(b) - 5*x(b). List the prime factors of j(-32).
191
Suppose -2*l + 6*l = -48. Let n be (-1)/(-3)*(-7 + (0 + -6)/3). List the prime factors of (-3 + (-45)/l)/(n/(-996)).
3, 83
Let c(z) = z**3 + 2*z**2 - z + 11551. What are the prime factors of c(0)?
11551
Let w = -1 - 2. Let z(g) = -23*g. Let v be z(w). Suppose 174 - v = 3*c. What are the prime factors of c?
5, 7
Let w(q) = -2*q**3 + 113*q**2 - 209*q - 106. What are the prime factors of w(54)?
2, 797
Let n(b) = -14*b**2 - 1078*b - 36. What are the prime factors of n(-76)?
2, 257
Let g = 615 - 1249. Let m = g + 928. List the prime factors of m.
2, 3, 7
Let s(g) = g**2 + 9*g - 5. Let r be -19 + 6 - 2*-2. Let w be s(r). What are the prime factors of 96/20 - 1/w?
5
What are the prime factors of 4/((-64)/(-293154)) - (-6)/(-48)?
2, 9161
Suppose -20*l = -3*l + 21*l - 294348. What are the prime factors of l?
2, 3, 1291
Suppose 230*l + 443802 = 247*l. List the prime factors of l.
2, 3, 19, 229
Let j be 40/15 + (-2)/(-6). Let k be ((-2 + j)*-103)/(-1). Let t = k - 44. List the prime factors of t.
59
Suppose -7 = -3*y + 266. Let z be ((-54)/351)/(1/(-1079)). Let n = z - y. List the prime factors of n.
3, 5
Let i be -5 - (-240 - (-35)/(-7)). List the prime factors of 802*((-24)/i + 22/20).
2, 401
Let i(w) be the first derivative of -2*w**3/3 - w**2 + 6*w + 11. Let g be i(2). What are the prime factors of (54/(-1))/(4/g) - -3?
2, 3, 7
Let n(q) = 2*q**3 - 18*q**2 + 16*q - 